{"id":397,"date":"2020-04-12T16:17:02","date_gmt":"2020-04-12T19:17:02","guid":{"rendered":"http:\/\/herpeto.org\/kids\/?page_id=397"},"modified":"2020-06-17T03:06:09","modified_gmt":"2020-06-17T06:06:09","slug":"tarefa-de-casa","status":"publish","type":"page","link":"https:\/\/herpeto.org\/kids\/tarefa-de-casa\/","title":{"rendered":"TAREFA DE CASA"},"content":{"rendered":"\t\t<div data-elementor-type=\"wp-page\" data-elementor-id=\"397\" class=\"elementor elementor-397\">\n\t\t\t\t\t\t\t\t\t<section class=\"elementor-section elementor-top-section elementor-element elementor-element-1ef921c8 elementor-section-full_width elementor-section-stretched elementor-section-height-default elementor-section-height-default\" data-id=\"1ef921c8\" data-element_type=\"section\" data-settings=\"{&quot;stretch_section&quot;:&quot;section-stretched&quot;}\">\n\t\t\t\t\t\t<div class=\"elementor-container elementor-column-gap-default\">\n\t\t\t\t\t<div class=\"elementor-column elementor-col-100 elementor-top-column elementor-element elementor-element-4377335c\" data-id=\"4377335c\" data-element_type=\"column\">\n\t\t\t<div class=\"elementor-widget-wrap elementor-element-populated\">\n\t\t\t\t\t\t\t\t<div class=\"elementor-element elementor-element-4b43fe8f elementor-widget elementor-widget-image\" data-id=\"4b43fe8f\" data-element_type=\"widget\" data-widget_type=\"image.default\">\n\t\t\t\t<div class=\"elementor-widget-container\">\n\t\t\t\t\t\t\t\t\t\t\t\t\t\t\t\t<a href=\"http:\/\/herpeto.org\/kids\">\n\t\t\t\t\t\t\t<img loading=\"lazy\" decoding=\"async\" width=\"1400\" height=\"534\" src=\"https:\/\/herpeto.org\/kids\/wp-content\/uploads\/sites\/6\/2020\/05\/rodap\u00e9.jpg\" class=\"attachment-full size-full wp-image-966\" alt=\"\" srcset=\"https:\/\/herpeto.org\/kids\/wp-content\/uploads\/sites\/6\/2020\/05\/rodap\u00e9.jpg 1400w, https:\/\/herpeto.org\/kids\/wp-content\/uploads\/sites\/6\/2020\/05\/rodap\u00e9-300x114.jpg 300w, https:\/\/herpeto.org\/kids\/wp-content\/uploads\/sites\/6\/2020\/05\/rodap\u00e9-1024x391.jpg 1024w, https:\/\/herpeto.org\/kids\/wp-content\/uploads\/sites\/6\/2020\/05\/rodap\u00e9-768x293.jpg 768w\" sizes=\"(max-width: 1400px) 100vw, 1400px\" \/>\t\t\t\t\t\t\t\t<\/a>\n\t\t\t\t\t\t\t\t\t\t\t\t\t\t\t<\/div>\n\t\t\t\t<\/div>\n\t\t\t\t<div class=\"elementor-element elementor-element-6df94ee elementor-nav-menu__align-center elementor-nav-menu--dropdown-tablet elementor-nav-menu__text-align-aside elementor-nav-menu--toggle elementor-nav-menu--burger elementor-widget elementor-widget-nav-menu\" data-id=\"6df94ee\" data-element_type=\"widget\" data-settings=\"{&quot;layout&quot;:&quot;horizontal&quot;,&quot;submenu_icon&quot;:{&quot;value&quot;:&quot;&lt;i class=\\&quot;fas fa-caret-down\\&quot;&gt;&lt;\\\/i&gt;&quot;,&quot;library&quot;:&quot;fa-solid&quot;},&quot;toggle&quot;:&quot;burger&quot;}\" data-widget_type=\"nav-menu.default\">\n\t\t\t\t<div class=\"elementor-widget-container\">\n\t\t\t\t\t\t<nav migration_allowed=\"1\" migrated=\"0\" role=\"navigation\" class=\"elementor-nav-menu--main elementor-nav-menu__container elementor-nav-menu--layout-horizontal e--pointer-underline e--animation-fade\">\n\t\t\t\t<ul id=\"menu-1-6df94ee\" class=\"elementor-nav-menu\"><li class=\"menu-item menu-item-type-post_type menu-item-object-page menu-item-home menu-item-653\"><a href=\"https:\/\/herpeto.org\/kids\/\" class=\"elementor-item\">In\u00edcio<\/a><\/li>\n<li class=\"menu-item menu-item-type-post_type menu-item-object-page menu-item-719\"><a href=\"https:\/\/herpeto.org\/kids\/herpetofauna\/\" class=\"elementor-item\">Curiosidades<\/a><\/li>\n<li class=\"menu-item menu-item-type-post_type menu-item-object-page menu-item-217\"><a href=\"https:\/\/herpeto.org\/kids\/fato-ou-fake\/\" class=\"elementor-item\">Fato ou Fake<\/a><\/li>\n<li class=\"menu-item menu-item-type-post_type menu-item-object-page menu-item-218\"><a href=\"https:\/\/herpeto.org\/kids\/jogos-e-brincadeiras\/\" class=\"elementor-item\">Jogos e Brincadeiras<\/a><\/li>\n<li class=\"menu-item menu-item-type-post_type menu-item-object-page menu-item-654\"><a href=\"https:\/\/herpeto.org\/kids\/tarefa-de-casa\/\" class=\"elementor-item\">Para Casa<\/a><\/li>\n<li class=\"menu-item menu-item-type-post_type menu-item-object-page menu-item-222\"><a href=\"https:\/\/herpeto.org\/kids\/a-equipe-do-projeto\/\" class=\"elementor-item\">Nosso Time<\/a><\/li>\n<\/ul>\t\t\t<\/nav>\n\t\t\t\t\t<div class=\"elementor-menu-toggle\" role=\"button\" tabindex=\"0\" aria-label=\"Alternar menu\" aria-expanded=\"false\">\n\t\t\t<i aria-hidden=\"true\" role=\"presentation\" class=\"elementor-menu-toggle__icon--open eicon-menu-bar\"><\/i><i aria-hidden=\"true\" role=\"presentation\" class=\"elementor-menu-toggle__icon--close eicon-close\"><\/i>\t\t\t<span class=\"elementor-screen-only\">Menu<\/span>\n\t\t<\/div>\n\t\t\t<nav class=\"elementor-nav-menu--dropdown elementor-nav-menu__container\" role=\"navigation\" aria-hidden=\"true\">\n\t\t\t\t<ul id=\"menu-2-6df94ee\" class=\"elementor-nav-menu\"><li class=\"menu-item menu-item-type-post_type menu-item-object-page menu-item-home menu-item-653\"><a href=\"https:\/\/herpeto.org\/kids\/\" class=\"elementor-item\" tabindex=\"-1\">In\u00edcio<\/a><\/li>\n<li class=\"menu-item menu-item-type-post_type menu-item-object-page menu-item-719\"><a href=\"https:\/\/herpeto.org\/kids\/herpetofauna\/\" class=\"elementor-item\" tabindex=\"-1\">Curiosidades<\/a><\/li>\n<li class=\"menu-item menu-item-type-post_type menu-item-object-page menu-item-217\"><a href=\"https:\/\/herpeto.org\/kids\/fato-ou-fake\/\" class=\"elementor-item\" tabindex=\"-1\">Fato ou Fake<\/a><\/li>\n<li class=\"menu-item menu-item-type-post_type menu-item-object-page menu-item-218\"><a href=\"https:\/\/herpeto.org\/kids\/jogos-e-brincadeiras\/\" class=\"elementor-item\" tabindex=\"-1\">Jogos e Brincadeiras<\/a><\/li>\n<li class=\"menu-item menu-item-type-post_type menu-item-object-page menu-item-654\"><a href=\"https:\/\/herpeto.org\/kids\/tarefa-de-casa\/\" class=\"elementor-item\" tabindex=\"-1\">Para Casa<\/a><\/li>\n<li class=\"menu-item menu-item-type-post_type menu-item-object-page menu-item-222\"><a href=\"https:\/\/herpeto.org\/kids\/a-equipe-do-projeto\/\" class=\"elementor-item\" tabindex=\"-1\">Nosso Time<\/a><\/li>\n<\/ul>\t\t\t<\/nav>\n\t\t\t\t<\/div>\n\t\t\t\t<\/div>\n\t\t\t\t\t<\/div>\n\t\t<\/div>\n\t\t\t\t\t\t\t<\/div>\n\t\t<\/section>\n\t\t\t\t<section class=\"elementor-section elementor-top-section elementor-element elementor-element-601a11c elementor-section-boxed elementor-section-height-default elementor-section-height-default\" data-id=\"601a11c\" data-element_type=\"section\">\n\t\t\t\t\t\t<div class=\"elementor-container elementor-column-gap-default\">\n\t\t\t\t\t<div class=\"elementor-column elementor-col-16 elementor-top-column elementor-element elementor-element-046717b\" data-id=\"046717b\" data-element_type=\"column\">\n\t\t\t<div class=\"elementor-widget-wrap\">\n\t\t\t\t\t\t\t\t\t<\/div>\n\t\t<\/div>\n\t\t\t\t<div class=\"elementor-column elementor-col-66 elementor-top-column elementor-element elementor-element-bf62e3b\" data-id=\"bf62e3b\" data-element_type=\"column\">\n\t\t\t<div class=\"elementor-widget-wrap elementor-element-populated\">\n\t\t\t\t\t\t\t\t<div class=\"elementor-element elementor-element-33b8461c animated-slow elementor-invisible elementor-widget elementor-widget-heading\" data-id=\"33b8461c\" data-element_type=\"widget\" data-settings=\"{&quot;_animation&quot;:&quot;fadeInDown&quot;}\" data-widget_type=\"heading.default\">\n\t\t\t\t<div class=\"elementor-widget-container\">\n\t\t\t<h3 class=\"elementor-heading-title elementor-size-default\"><a href=\"http:\/\/herpeto.org\/kids\/jogos-e-brincadeiras\/\">Chegou a hora de fazer a tarefa de casa?\n<\/a><\/h3>\t\t<\/div>\n\t\t\t\t<\/div>\n\t\t\t\t<div class=\"elementor-element elementor-element-6ea41477 animated-slow elementor-invisible elementor-widget elementor-widget-heading\" data-id=\"6ea41477\" data-element_type=\"widget\" data-settings=\"{&quot;_animation&quot;:&quot;fadeInDown&quot;}\" data-widget_type=\"heading.default\">\n\t\t\t\t<div class=\"elementor-widget-container\">\n\t\t\t<h3 class=\"elementor-heading-title elementor-size-default\"><a href=\"http:\/\/herpeto.org\/kids\/jogos-e-brincadeiras\/\">N\u00e3o se preocupe, vamos te ajudar! <\/a><\/h3>\t\t<\/div>\n\t\t\t\t<\/div>\n\t\t\t\t<div class=\"elementor-element elementor-element-59cdcb9e animated-slow elementor-invisible elementor-widget elementor-widget-toggle\" data-id=\"59cdcb9e\" data-element_type=\"widget\" data-settings=\"{&quot;_animation&quot;:&quot;fadeInUp&quot;}\" data-widget_type=\"toggle.default\">\n\t\t\t\t<div class=\"elementor-widget-container\">\n\t\t\t\t\t<div class=\"elementor-toggle\">\n\t\t\t\t\t\t\t<div class=\"elementor-toggle-item\">\n\t\t\t\t\t<div id=\"elementor-tab-title-1501\" class=\"elementor-tab-title\" data-tab=\"1\" role=\"button\" aria-controls=\"elementor-tab-content-1501\" aria-expanded=\"false\">\n\t\t\t\t\t\t\t\t\t\t\t\t<span class=\"elementor-toggle-icon elementor-toggle-icon-right\" aria-hidden=\"true\">\n\t\t\t\t\t\t\t\t\t\t\t\t\t\t\t<span class=\"elementor-toggle-icon-closed\"><i class=\"fas fa-caret-right\"><\/i><\/span>\n\t\t\t\t\t\t\t\t<span class=\"elementor-toggle-icon-opened\"><i class=\"elementor-toggle-icon-opened fas fa-caret-up\"><\/i><\/span>\n\t\t\t\t\t\t\t\t\t\t\t\t\t<\/span>\n\t\t\t\t\t\t\t\t\t\t\t\t<a class=\"elementor-toggle-title\" tabindex=\"0\">Quem s\u00e3o os anf\u00edbios?<\/a>\n\t\t\t\t\t<\/div>\n\n\t\t\t\t\t<div id=\"elementor-tab-content-1501\" class=\"elementor-tab-content elementor-clearfix\" data-tab=\"1\" role=\"region\" aria-labelledby=\"elementor-tab-title-1501\"><p>Os anf\u00edbios constituem um grupo de animais cuja a maioria das esp\u00e9cies possuem o ciclo de vida dividido em duas fases: a fase inicial da vida na \u00e1gua, em forma de larva (girino) e a vida adulta no ambiente terrestre. Da\u00ed a origem do nome anf\u00edbio: duas formas de vida. Os anf\u00edbios foram os primeiros vertebrados a habitarem o ambiente terrestre e s\u00e3o divididos em 3 grupos: Anura (sapos, r\u00e3s e pererecas), Gymnophiona (cobras-cegas) e Caudata (salamandras). Sapos, r\u00e3s e pererecas, s\u00e3o facilmente identificados pela aus\u00eancia de cauda e presen\u00e7a de pernas traseiras que geralmente s\u00e3o adaptadas para saltar. As cobras-cegas s\u00e3o animais pouco avistados por viver debaixo do solo, e s\u00e3o frequentemente confundidas com minhocas e serpentes por n\u00e3o possu\u00edrem membros locomotores. As salamandras tamb\u00e9m s\u00e3o pouco conhecidas, apresentam cauda e se assemelham a lagartos, mas diferente destes, n\u00e3o possui escamas.<\/p><\/div>\n\t\t\t\t<\/div>\n\t\t\t\t\t\t\t<div class=\"elementor-toggle-item\">\n\t\t\t\t\t<div id=\"elementor-tab-title-1502\" class=\"elementor-tab-title\" data-tab=\"2\" role=\"button\" aria-controls=\"elementor-tab-content-1502\" aria-expanded=\"false\">\n\t\t\t\t\t\t\t\t\t\t\t\t<span class=\"elementor-toggle-icon elementor-toggle-icon-right\" aria-hidden=\"true\">\n\t\t\t\t\t\t\t\t\t\t\t\t\t\t\t<span class=\"elementor-toggle-icon-closed\"><i class=\"fas fa-caret-right\"><\/i><\/span>\n\t\t\t\t\t\t\t\t<span class=\"elementor-toggle-icon-opened\"><i class=\"elementor-toggle-icon-opened fas fa-caret-up\"><\/i><\/span>\n\t\t\t\t\t\t\t\t\t\t\t\t\t<\/span>\n\t\t\t\t\t\t\t\t\t\t\t\t<a class=\"elementor-toggle-title\" tabindex=\"0\">Onde vivem os anf\u00edbios?<\/a>\n\t\t\t\t\t<\/div>\n\n\t\t\t\t\t<div id=\"elementor-tab-content-1502\" class=\"elementor-tab-content elementor-clearfix\" data-tab=\"2\" role=\"region\" aria-labelledby=\"elementor-tab-title-1502\"><p>Na fase inicial da vida, a maioria dos anf\u00edbios vivem em ambientes aqu\u00e1ticos, como lagos, brejos e riachos. Nessa fase, esses animais tem o corpo em forma de larva (girino) e respiram atrav\u00e9s de br\u00e2nquias, assim como os peixes. Durante a metamorfose, eles passam por diversas mudan\u00e7as, como o desenvolvimento da respira\u00e7\u00e3o pulmonar e cut\u00e2nea, que ir\u00e1 permitir a sa\u00edda da \u00e1gua para o ambiente terrestre. Existe, entretanto, esp\u00e9cies de anf\u00edbios que vivem apenas na terra ou apenas na \u00e1gua.<\/p><\/div>\n\t\t\t\t<\/div>\n\t\t\t\t\t\t\t<div class=\"elementor-toggle-item\">\n\t\t\t\t\t<div id=\"elementor-tab-title-1503\" class=\"elementor-tab-title\" data-tab=\"3\" role=\"button\" aria-controls=\"elementor-tab-content-1503\" aria-expanded=\"false\">\n\t\t\t\t\t\t\t\t\t\t\t\t<span class=\"elementor-toggle-icon elementor-toggle-icon-right\" aria-hidden=\"true\">\n\t\t\t\t\t\t\t\t\t\t\t\t\t\t\t<span class=\"elementor-toggle-icon-closed\"><i class=\"fas fa-caret-right\"><\/i><\/span>\n\t\t\t\t\t\t\t\t<span class=\"elementor-toggle-icon-opened\"><i class=\"elementor-toggle-icon-opened fas fa-caret-up\"><\/i><\/span>\n\t\t\t\t\t\t\t\t\t\t\t\t\t<\/span>\n\t\t\t\t\t\t\t\t\t\t\t\t<a class=\"elementor-toggle-title\" tabindex=\"0\">Sapo, perereca ou r\u00e3?<\/a>\n\t\t\t\t\t<\/div>\n\n\t\t\t\t\t<div id=\"elementor-tab-content-1503\" class=\"elementor-tab-content elementor-clearfix\" data-tab=\"3\" role=\"region\" aria-labelledby=\"elementor-tab-title-1503\"><p><img loading=\"lazy\" decoding=\"async\" class=\"alignnone size-full wp-image-800\" src=\"http:\/\/herpeto.org\/kids\/wp-content\/uploads\/sites\/6\/2020\/05\/12803150_957541144325412_1888814428833583710_n.jpg\" alt=\"\" width=\"728\" height=\"960\" srcset=\"https:\/\/herpeto.org\/kids\/wp-content\/uploads\/sites\/6\/2020\/05\/12803150_957541144325412_1888814428833583710_n.jpg 728w, https:\/\/herpeto.org\/kids\/wp-content\/uploads\/sites\/6\/2020\/05\/12803150_957541144325412_1888814428833583710_n-228x300.jpg 228w\" sizes=\"(max-width: 728px) 100vw, 728px\" \/><\/p><\/div>\n\t\t\t\t<\/div>\n\t\t\t\t\t\t\t<div class=\"elementor-toggle-item\">\n\t\t\t\t\t<div id=\"elementor-tab-title-1504\" class=\"elementor-tab-title\" data-tab=\"4\" role=\"button\" aria-controls=\"elementor-tab-content-1504\" aria-expanded=\"false\">\n\t\t\t\t\t\t\t\t\t\t\t\t<span class=\"elementor-toggle-icon elementor-toggle-icon-right\" aria-hidden=\"true\">\n\t\t\t\t\t\t\t\t\t\t\t\t\t\t\t<span class=\"elementor-toggle-icon-closed\"><i class=\"fas fa-caret-right\"><\/i><\/span>\n\t\t\t\t\t\t\t\t<span class=\"elementor-toggle-icon-opened\"><i class=\"elementor-toggle-icon-opened fas fa-caret-up\"><\/i><\/span>\n\t\t\t\t\t\t\t\t\t\t\t\t\t<\/span>\n\t\t\t\t\t\t\t\t\t\t\t\t<a class=\"elementor-toggle-title\" tabindex=\"0\">Quem s\u00e3o os R\u00e9pteis?<\/a>\n\t\t\t\t\t<\/div>\n\n\t\t\t\t\t<div id=\"elementor-tab-content-1504\" class=\"elementor-tab-content elementor-clearfix\" data-tab=\"4\" role=\"region\" aria-labelledby=\"elementor-tab-title-1504\"><p class=\"MsoNormal\" style=\"text-align:justify\"><span style=\"font-family: Roboto; background-image: initial; background-position: initial; background-size: initial; background-repeat: initial; background-attachment: initial; background-origin: initial; background-clip: initial;\">Os r\u00e9pteis s\u00e3o um grupo de animais cuja\ncaracter\u00edstica mais marcante \u00e9 a pele seca, coberto por escamas. Possuem respira\u00e7\u00e3o\npulmonar e s\u00e3o animais de sangue frio, ou seja, sua temperatura corporal varia de\nacordo com a temperatura do ambiente. <o:p><\/o:p><\/span><\/p><p>\n\n<\/p><p class=\"MsoNormal\" style=\"text-align:justify\"><span style=\"font-family: Roboto; background-image: initial; background-position: initial; background-size: initial; background-repeat: initial; background-attachment: initial; background-origin: initial; background-clip: initial;\">Os r\u00e9pteis s\u00e3o divididos em 3 grupos: Squamata\n(serpentes e lagartos), Testudines (jabutis, c\u00e1gados e tartarugas) e Crocodylia\n(jacar\u00e9s e crocodilos).<o:p><\/o:p><\/span><\/p><\/div>\n\t\t\t\t<\/div>\n\t\t\t\t\t\t\t<div class=\"elementor-toggle-item\">\n\t\t\t\t\t<div id=\"elementor-tab-title-1505\" class=\"elementor-tab-title\" data-tab=\"5\" role=\"button\" aria-controls=\"elementor-tab-content-1505\" aria-expanded=\"false\">\n\t\t\t\t\t\t\t\t\t\t\t\t<span class=\"elementor-toggle-icon elementor-toggle-icon-right\" aria-hidden=\"true\">\n\t\t\t\t\t\t\t\t\t\t\t\t\t\t\t<span class=\"elementor-toggle-icon-closed\"><i class=\"fas fa-caret-right\"><\/i><\/span>\n\t\t\t\t\t\t\t\t<span class=\"elementor-toggle-icon-opened\"><i class=\"elementor-toggle-icon-opened fas fa-caret-up\"><\/i><\/span>\n\t\t\t\t\t\t\t\t\t\t\t\t\t<\/span>\n\t\t\t\t\t\t\t\t\t\t\t\t<a class=\"elementor-toggle-title\" tabindex=\"0\">Onde vivem os R\u00e9pteis?<\/a>\n\t\t\t\t\t<\/div>\n\n\t\t\t\t\t<div id=\"elementor-tab-content-1505\" class=\"elementor-tab-content elementor-clearfix\" data-tab=\"5\" role=\"region\" aria-labelledby=\"elementor-tab-title-1505\"><p>Os r\u00e9pteis podem ser encontrados nos mais diversos ambientes como florestas, \u00e1reas abertas, desertos e ambientes aqu\u00e1ticos. A maioria&nbsp;das cobras e lagartos costumam ser encontrados em ambientes terrestres, podendo ser avistados no ch\u00e3o, em galhos e copas de \u00e1rvores, e tamb\u00e9m, viver debaixo da terra. Outras esp\u00e9cies podem passar boa parte do tempo na \u00e1gua, como \u00e9 o caso de jacar\u00e9s, crocodilos e tartarugas.<\/p><\/div>\n\t\t\t\t<\/div>\n\t\t\t\t\t\t\t\t<\/div>\n\t\t\t\t<\/div>\n\t\t\t\t<\/div>\n\t\t\t\t\t<\/div>\n\t\t<\/div>\n\t\t\t\t<div class=\"elementor-column elementor-col-16 elementor-top-column elementor-element elementor-element-55a6f5d\" data-id=\"55a6f5d\" data-element_type=\"column\">\n\t\t\t<div class=\"elementor-widget-wrap\">\n\t\t\t\t\t\t\t\t\t<\/div>\n\t\t<\/div>\n\t\t\t\t\t\t\t<\/div>\n\t\t<\/section>\n\t\t\t\t<section class=\"elementor-section elementor-top-section elementor-element elementor-element-c9083e5 elementor-section-boxed elementor-section-height-default elementor-section-height-default\" data-id=\"c9083e5\" data-element_type=\"section\">\n\t\t\t\t\t\t<div class=\"elementor-container elementor-column-gap-default\">\n\t\t\t\t\t<div class=\"elementor-column elementor-col-100 elementor-top-column elementor-element elementor-element-c4817fd\" data-id=\"c4817fd\" data-element_type=\"column\">\n\t\t\t<div class=\"elementor-widget-wrap elementor-element-populated\">\n\t\t\t\t\t\t\t\t<div class=\"elementor-element elementor-element-7de2712 elementor-widget elementor-widget-image\" data-id=\"7de2712\" data-element_type=\"widget\" data-widget_type=\"image.default\">\n\t\t\t\t<div class=\"elementor-widget-container\">\n\t\t\t\t\t\t\t\t\t\t\t\t\t\t\t<img loading=\"lazy\" decoding=\"async\" width=\"601\" height=\"579\" src=\"https:\/\/herpeto.org\/kids\/wp-content\/uploads\/sites\/6\/2020\/04\/Gabriela.png\" class=\"attachment-large size-large wp-image-339\" alt=\"\" srcset=\"https:\/\/herpeto.org\/kids\/wp-content\/uploads\/sites\/6\/2020\/04\/Gabriela.png 601w, https:\/\/herpeto.org\/kids\/wp-content\/uploads\/sites\/6\/2020\/04\/Gabriela-300x289.png 300w\" sizes=\"(max-width: 601px) 100vw, 601px\" \/>\t\t\t\t\t\t\t\t\t\t\t\t\t\t\t<\/div>\n\t\t\t\t<\/div>\n\t\t\t\t\t<\/div>\n\t\t<\/div>\n\t\t\t\t\t\t\t<\/div>\n\t\t<\/section>\n\t\t\t\t\t\t\t<\/div>\n\t\t","protected":false},"excerpt":{"rendered":"<p>Chegou a hora de fazer a tarefa de casa? N\u00e3o se preocupe, vamos te ajudar! Quem s\u00e3o os anf\u00edbios? Os anf\u00edbios constituem um grupo de animais cuja a maioria das esp\u00e9cies possuem o ciclo de vida dividido em duas fases: a fase inicial da vida na \u00e1gua, em forma de larva (girino) e a vida [&hellip;]<\/p>\n","protected":false},"author":1,"featured_media":0,"parent":0,"menu_order":0,"comment_status":"closed","ping_status":"closed","template":"elementor_canvas","meta":{"_acf_changed":false,"footnotes":""},"acf":[],"_links":{"self":[{"href":"https:\/\/herpeto.org\/kids\/wp-json\/wp\/v2\/pages\/397"}],"collection":[{"href":"https:\/\/herpeto.org\/kids\/wp-json\/wp\/v2\/pages"}],"about":[{"href":"https:\/\/herpeto.org\/kids\/wp-json\/wp\/v2\/types\/page"}],"author":[{"embeddable":true,"href":"https:\/\/herpeto.org\/kids\/wp-json\/wp\/v2\/users\/1"}],"replies":[{"embeddable":true,"href":"https:\/\/herpeto.org\/kids\/wp-json\/wp\/v2\/comments?post=397"}],"version-history":[{"count":19,"href":"https:\/\/herpeto.org\/kids\/wp-json\/wp\/v2\/pages\/397\/revisions"}],"predecessor-version":[{"id":1190,"href":"https:\/\/herpeto.org\/kids\/wp-json\/wp\/v2\/pages\/397\/revisions\/1190"}],"wp:attachment":[{"href":"https:\/\/herpeto.org\/kids\/wp-json\/wp\/v2\/media?parent=397"}],"curies":[{"name":"wp","href":"https:\/\/api.w.org\/{rel}","templated":true}]}}